{"id":196,"date":"2020-08-16T12:09:24","date_gmt":"2020-08-16T15:09:24","guid":{"rendered":"http:\/\/portalmoderno.com.br\/new\/?page_id=196"},"modified":"2023-02-07T12:00:52","modified_gmt":"2023-02-07T14:00:52","slug":"educacao-infantil","status":"publish","type":"page","link":"https:\/\/portalmoderno.com.br\/new\/index.php\/educacao-infantil\/","title":{"rendered":"Educa\u00e7\u00e3o Infantil"},"content":{"rendered":"\t\t<div data-elementor-type=\"wp-post\" data-elementor-id=\"196\" class=\"elementor elementor-196\">\n\t\t\t\t\t\t<section class=\"has_eae_slider elementor-section elementor-top-section elementor-element elementor-element-93737e8 elementor-section-full_width elementor-section-height-min-height elementor-section-content-middle elementor-section-height-default elementor-section-items-middle exad-glass-effect-no exad-sticky-section-no\" data-eae-slider=\"67256\" data-id=\"93737e8\" data-element_type=\"section\" data-e-type=\"section\" data-settings=\"{&quot;background_background&quot;:&quot;classic&quot;}\">\n\t\t\t\t\t\t<div class=\"elementor-container elementor-column-gap-default\">\n\t\t\t\t\t<div class=\"has_eae_slider elementor-column elementor-col-25 elementor-top-column elementor-element elementor-element-4a817a5 exad-glass-effect-no exad-sticky-section-no\" data-eae-slider=\"68615\" data-id=\"4a817a5\" data-element_type=\"column\" data-e-type=\"column\">\n\t\t\t<div class=\"elementor-widget-wrap\">\n\t\t\t\t\t\t\t<\/div>\n\t\t<\/div>\n\t\t\t\t<div class=\"has_eae_slider elementor-column elementor-col-25 elementor-top-column elementor-element elementor-element-957bce9 exad-glass-effect-no exad-sticky-section-no\" data-eae-slider=\"89864\" data-id=\"957bce9\" data-element_type=\"column\" data-e-type=\"column\">\n\t\t\t<div class=\"elementor-widget-wrap elementor-element-populated\">\n\t\t\t\t\t\t<div class=\"elementor-element elementor-element-eeeffe6 exad-sticky-section-no exad-glass-effect-no elementor-widget elementor-widget-heading\" data-id=\"eeeffe6\" data-element_type=\"widget\" data-e-type=\"widget\" data-widget_type=\"heading.default\">\n\t\t\t\t<div class=\"elementor-widget-container\">\n\t\t\t\t\t<h2 class=\"elementor-heading-title elementor-size-default\">Educa\u00e7\u00e3o  Infantil<\/h2>\t\t\t\t<\/div>\n\t\t\t\t<\/div>\n\t\t\t\t\t<\/div>\n\t\t<\/div>\n\t\t\t\t<div class=\"has_eae_slider elementor-column elementor-col-25 elementor-top-column elementor-element elementor-element-a39833b exad-glass-effect-no exad-sticky-section-no\" data-eae-slider=\"40349\" data-id=\"a39833b\" data-element_type=\"column\" data-e-type=\"column\">\n\t\t\t<div class=\"elementor-widget-wrap\">\n\t\t\t\t\t\t\t<\/div>\n\t\t<\/div>\n\t\t\t\t<div class=\"has_eae_slider elementor-column elementor-col-25 elementor-top-column elementor-element elementor-element-13c3a6b exad-glass-effect-no exad-sticky-section-no\" data-eae-slider=\"34051\" data-id=\"13c3a6b\" data-element_type=\"column\" data-e-type=\"column\">\n\t\t\t<div class=\"elementor-widget-wrap\">\n\t\t\t\t\t\t\t<\/div>\n\t\t<\/div>\n\t\t\t\t\t<\/div>\n\t\t<\/section>\n\t\t\t\t<section class=\"has_eae_slider elementor-section elementor-top-section elementor-element elementor-element-2fd6fe92 elementor-section-boxed elementor-section-height-default elementor-section-height-default exad-glass-effect-no exad-sticky-section-no\" data-eae-slider=\"97306\" data-id=\"2fd6fe92\" data-element_type=\"section\" data-e-type=\"section\">\n\t\t\t\t\t\t<div class=\"elementor-container elementor-column-gap-default\">\n\t\t\t\t\t<div class=\"has_eae_slider elementor-column elementor-col-66 elementor-top-column elementor-element elementor-element-2ce2c62e exad-glass-effect-no exad-sticky-section-no\" data-eae-slider=\"27967\" data-id=\"2ce2c62e\" data-element_type=\"column\" data-e-type=\"column\">\n\t\t\t<div class=\"elementor-widget-wrap elementor-element-populated\">\n\t\t\t\t\t\t<div class=\"elementor-element elementor-element-661da703 exad-sticky-section-no exad-glass-effect-no elementor-widget elementor-widget-text-editor\" data-id=\"661da703\" data-element_type=\"widget\" data-e-type=\"widget\" data-widget_type=\"text-editor.default\">\n\t\t\t\t<div class=\"elementor-widget-container\">\n\t\t\t\t\t\t\t\t\t<p>O MODERNO \u2013 Centro de Ensino, Educa\u00e7\u00e3o e Cultura \u2013 configura o curr\u00edculo na educa\u00e7\u00e3o infantil como elemento construtivo e constitutivo do desenvolvimento integral da crian\u00e7a em idade pr\u00e9-escolar, elaborado a partir de experi\u00eancias vivenciadas na vida familiar, nas rela\u00e7\u00f5es sociais e no \u00e2mbito desta etapa da educa\u00e7\u00e3o.<\/p><p>\u00c9 imprescind\u00edvel que nesse processo a a\u00e7\u00e3o educativa aconte\u00e7a atrav\u00e9s de atividades que oportunizem esse desenvolvimento em seus aspectos f\u00edsico, psicol\u00f3gico, intelectual, afetivo e social, como elementos estimuladores das capacidades e potencialidades pr\u00f3prias da rela\u00e7\u00e3o intr\u00ednseca existente entre crescimento-desenvolvimento-aprendizagem.<\/p><p>Nesta perspectiva, as atividades desenvolvidas na educa\u00e7\u00e3o infantil ser\u00e3o pautadas na intera\u00e7\u00e3o entre as diversas \u00e1reas do conhecimento propiciando a compreens\u00e3o, constru\u00e7\u00e3o e socializa\u00e7\u00e3o da Linguagem Oral e Escrita; da representa\u00e7\u00e3o L\u00f3gico-Matem\u00e1tica; da rela\u00e7\u00e3o entre Natureza e Sociedade; das manifesta\u00e7\u00f5es da Arte e da Criatividade e do comportamento social.<\/p>\t\t\t\t\t\t\t\t<\/div>\n\t\t\t\t<\/div>\n\t\t\t\t\t<\/div>\n\t\t<\/div>\n\t\t\t\t<div class=\"has_eae_slider elementor-column elementor-col-33 elementor-top-column elementor-element elementor-element-66729a5d exad-glass-effect-no exad-sticky-section-no\" data-eae-slider=\"94299\" data-id=\"66729a5d\" data-element_type=\"column\" data-e-type=\"column\">\n\t\t\t<div class=\"elementor-widget-wrap\">\n\t\t\t\t\t\t\t<\/div>\n\t\t<\/div>\n\t\t\t\t\t<\/div>\n\t\t<\/section>\n\t\t\t\t<section class=\"has_eae_slider elementor-section elementor-top-section elementor-element elementor-element-45852fda elementor-section-boxed elementor-section-height-default elementor-section-height-default exad-glass-effect-no exad-sticky-section-no\" data-eae-slider=\"61813\" data-id=\"45852fda\" data-element_type=\"section\" data-e-type=\"section\">\n\t\t\t\t\t\t<div class=\"elementor-container elementor-column-gap-default\">\n\t\t\t\t\t<div class=\"has_eae_slider elementor-column elementor-col-33 elementor-top-column elementor-element elementor-element-45525b4d exad-glass-effect-no exad-sticky-section-no\" data-eae-slider=\"84247\" data-id=\"45525b4d\" data-element_type=\"column\" data-e-type=\"column\">\n\t\t\t<div class=\"elementor-widget-wrap\">\n\t\t\t\t\t\t\t<\/div>\n\t\t<\/div>\n\t\t\t\t<div class=\"has_eae_slider elementor-column elementor-col-66 elementor-top-column elementor-element elementor-element-3e68d2eb exad-glass-effect-no exad-sticky-section-no\" data-eae-slider=\"10478\" data-id=\"3e68d2eb\" data-element_type=\"column\" data-e-type=\"column\">\n\t\t\t<div class=\"elementor-widget-wrap elementor-element-populated\">\n\t\t\t\t\t\t<div class=\"elementor-element elementor-element-f865f85 exad-sticky-section-no exad-glass-effect-no elementor-widget elementor-widget-heading\" data-id=\"f865f85\" data-element_type=\"widget\" data-e-type=\"widget\" data-widget_type=\"heading.default\">\n\t\t\t\t<div class=\"elementor-widget-container\">\n\t\t\t\t\t<h2 class=\"elementor-heading-title elementor-size-default\">Modelo  de Avalia\u00e7\u00e3o\n<\/h2>\t\t\t\t<\/div>\n\t\t\t\t<\/div>\n\t\t\t\t<div class=\"elementor-element elementor-element-40b14802 exad-sticky-section-no exad-glass-effect-no elementor-widget elementor-widget-text-editor\" data-id=\"40b14802\" data-element_type=\"widget\" data-e-type=\"widget\" data-widget_type=\"text-editor.default\">\n\t\t\t\t<div class=\"elementor-widget-container\">\n\t\t\t\t\t\t\t\t\t<p>Na Educa\u00e7\u00e3o Infantil, a avalia\u00e7\u00e3o \u00e9 feita por meio de acompanhamento e do registro das etapas alcan\u00e7adas nos cuidados e na educa\u00e7\u00e3o da crian\u00e7a, sem o objetivo de promo\u00e7\u00e3o, garantindo para esse fim os seguintes procedimentos:<\/p><p>a) A observa\u00e7\u00e3o cr\u00edtica e criativa das atividades, das brincadeiras e intera\u00e7\u00f5es das crian\u00e7as no cotidiano;<\/p><p>b) Utiliza\u00e7\u00e3o de m\u00faltiplos registros realizados por adultos e crian\u00e7as (relat\u00f3rios, fotografias, desenhos, \u00e1lbuns, entre outros);<\/p><p>c) A continuidade dos processos de aprendizagens por meio da cria\u00e7\u00e3o de estrat\u00e9gias adequadas aos diferentes momentos de transi\u00e7\u00e3o vividos pela crian\u00e7a;<\/p><p>d) A documenta\u00e7\u00e3o espec\u00edfica que permita \u00e0s fam\u00edlias conhecer o trabalho realizado pela Institui\u00e7\u00e3o junto \u00e0s crian\u00e7as e, os resultados deste no processo de crescimento, desenvolvimento e aprendizagem na educa\u00e7\u00e3o infantil;<\/p><p>e)\u00a0 A n\u00e3o reten\u00e7\u00e3o das crian\u00e7as na Educa\u00e7\u00e3o Infantil.<\/p>\t\t\t\t\t\t\t\t<\/div>\n\t\t\t\t<\/div>\n\t\t\t\t\t<\/div>\n\t\t<\/div>\n\t\t\t\t\t<\/div>\n\t\t<\/section>\n\t\t\t\t<\/div>\n\t\t","protected":false},"excerpt":{"rendered":"<p>Educa\u00e7\u00e3o Infantil O MODERNO \u2013 Centro de Ensino, Educa\u00e7\u00e3o e Cultura \u2013 configura o curr\u00edculo na educa\u00e7\u00e3o infantil como elemento construtivo e constitutivo do desenvolvimento integral da crian\u00e7a em idade pr\u00e9-escolar, elaborado a partir de experi\u00eancias vivenciadas na vida familiar, nas rela\u00e7\u00f5es sociais e no \u00e2mbito desta etapa da educa\u00e7\u00e3o. [&hellip;]<\/p>\n","protected":false},"author":1,"featured_media":0,"parent":0,"menu_order":0,"comment_status":"closed","ping_status":"closed","template":"elementor_header_footer","meta":{"footnotes":""},"class_list":["post-196","page","type-page","status-publish","hentry"],"jetpack_sharing_enabled":true,"_links":{"self":[{"href":"https:\/\/portalmoderno.com.br\/new\/index.php\/wp-json\/wp\/v2\/pages\/196","targetHints":{"allow":["GET"]}}],"collection":[{"href":"https:\/\/portalmoderno.com.br\/new\/index.php\/wp-json\/wp\/v2\/pages"}],"about":[{"href":"https:\/\/portalmoderno.com.br\/new\/index.php\/wp-json\/wp\/v2\/types\/page"}],"author":[{"embeddable":true,"href":"https:\/\/portalmoderno.com.br\/new\/index.php\/wp-json\/wp\/v2\/users\/1"}],"replies":[{"embeddable":true,"href":"https:\/\/portalmoderno.com.br\/new\/index.php\/wp-json\/wp\/v2\/comments?post=196"}],"version-history":[{"count":29,"href":"https:\/\/portalmoderno.com.br\/new\/index.php\/wp-json\/wp\/v2\/pages\/196\/revisions"}],"predecessor-version":[{"id":4858,"href":"https:\/\/portalmoderno.com.br\/new\/index.php\/wp-json\/wp\/v2\/pages\/196\/revisions\/4858"}],"wp:attachment":[{"href":"https:\/\/portalmoderno.com.br\/new\/index.php\/wp-json\/wp\/v2\/media?parent=196"}],"curies":[{"name":"wp","href":"https:\/\/api.w.org\/{rel}","templated":true}]}}